 m = -15. Suppose d - 2*d = -2*p - 36, -104 = -w*d + 4*p. List the prime factors of d.
2
Let k(t) = 11*t**2 + 10*t + 16. List the prime factors of k(-8).
2, 5
Suppose -n - 33 = -3*m + 22, 4*m - 100 = -4*n. Suppose 0 = -9*b + 4*b - m. List the prime factors of 1/(-1)*56/b.
2, 7
Let a(k) be the second derivative of -k**4/12 - 5*k**3/6 + 2*k**2 - 9*k. Let o be a(-6). Let s = 0 - o. What are the prime factors of s?
2
Let h = 5 - 5. Suppose -2*s - 393 = -5*m, 3*m = 4*s - h*s + 233. List the prime factors of m.
79
Suppose 2*j - 14 = 42. Let a = j + -7. What are the prime factors of a?
3, 7
Let p be 1 + (-393)/(-3) + 0. Let m = 231 - p. List the prime factors of m.
3, 11
Suppose 16*y - 15*y + 5*z = 1087, 5*y - 5351 = -4*z. What are the prime factors of y?
11, 97
Let q be (2/(-3))/(2/9). Let g = 17 - q. Suppose -3*p + 40 = 2*d + 2*p, -g = -d - 4*p. List the prime factors of d.
2, 5
Suppose 10 - 1 = k. Let c = k - 9. List the prime factors of 3*((-33)/(-9) + c).
11
Let u(i) = 2*i**3 - 12*i**2 + 20*i - 47. List the prime factors of u(7).
191
Let l(c) = 115*c**2 - 4*c + 55. What are the prime factors of l(5)?
2, 3, 5, 97
Let d be 2/(-3) - (-380)/3. Suppose -125 - 241 = -3*o + 2*x, 2*x + d = o. List the prime factors of o.
2, 3, 5
Suppose -9*w - w = -10. List the prime factors of (-6)/21*w + (-4571)/(-49).
3, 31
Let x(m) = -2*m - 9. Let f(r) = 1. Let p(b) = 6*f(b) + x(b). Let t = 28 + -38. What are the prime factors of p(t)?
17
Let s(h) = -h + 19. Let j = -53 - -24. Let c = -29 - j. List the prime factors of s(c).
19
Suppose -698 = -5*r + 1322. List the prime factors of r.
2, 101
Let t(w) be the third derivative of w**4/8 + 8*w**3/3 - 9*w**2. Let g be t(-5). Let x = 36 + g. List the prime factors of x.
37
Let f(p) = p**3 + 15*p**2 + 14*p + 11. Let o be 165/(-12) + (-1)/4. Let d be f(o). Let j = 20 - d. What are the prime factors of j?
3
Let j be -28 - -29 - (1 + -6). Suppose 570 = -y + 6*y. What are the prime factors of (y/18)/(2/j)?
19
Let j(z) = -3*z**2 - z - 6. Let q(y) = 3*y**2 + 5. Let f(c) = -5*j(c) - 6*q(c). Let l be f(4). Let b = 42 + l. List the prime factors of b.
2, 7
List the prime factors of ((-12)/(-10))/(-3)*-15.
2, 3
Let r(s) = 3*s + 11. Let h = -10 - -18. What are the prime factors of r(h)?
5, 7
Suppose 0 = -d - 4*c + 1338, -5*d + 9*d + 3*c - 5365 = 0. What are the prime factors of d?
2, 11, 61
Let m(j) = 17*j**3 + 2*j + 1. Let o be m(-1). Let t = 23 + o. Suppose 2*h + 2*h = 5*v - 207, t*v - 186 = -3*h. List the prime factors of v.
3, 13
Let p = -8 - -12. Suppose 2*q - 18 = -3*n, n - 6*n + 8 = -p*q. Suppose q*o - 125 = -2*o. List the prime factors of o.
5
Let l(z) = z**3 + 20*z**2 + 18*z - 11. Let i be l(-19). Suppose 7*t + 126 = i*t. What are the prime factors of t?
2, 3, 7
Let f(m) = m**3 + 6*m**2 - 13*m - 20. Let k be f(-7). Suppose 18*r - k*r = -400. List the prime factors of r.
2, 5
Suppose -h + 3 = -4. Let c(x) = x**3 - 7*x**2 - 5*x + 84. Let v be c(6). Let b = v - h. What are the prime factors of b?
11
Suppose 2354 - 848 = 2*l - 3*g, 5*g - 2990 = -4*l. What are the prime factors of l?
2, 3, 5
Let k(n) be the first derivative of -n**4/4 + 3*n**3 - n**2/2 - 4*n - 17. What are the prime factors of k(7)?
3, 29
Let m(b) = 2*b - 4. Let g(q) = q - 1. Let z(v) = -g(v) + m(v). Let t be z(5). What are the prime factors of 6 - (t - (-3 + 4))?
5
Suppose 5*z - 9 + 45 = -3*d, 0 = -2*z + d - 10. Let p be (-40)/z*78/(-65). List the prime factors of p/(-2) + -4 - -3.
3
Suppose 5*v - 16 = j - 11, 5*v = -4*j + 30. Let t = 6 - 3. Suppose 2*i = -j*x + 108, -t*x = -0*x. List the prime factors of i.
2, 3
Suppose 2*o + 0*o = 8. Suppose -m = -2*u + 1, -5*m - 1 = -u + o. Suppose -2*x + 3*q = 5*q - 102, -x - 3*q + 53 = u. List the prime factors of x.
2, 5
Suppose 12 = 3*j + j. Suppose j*c + 1053 = 3*q, -q = 2*q - c - 1061. Suppose y + q = 6*y. List the prime factors of y.
71
Let x = -356 + 470. What are the prime factors of x?
2, 3, 19
Let h(g) = 20*g - 3. Let r(k) = -20*k + 3. Let d(q) = -4*h(q) - 5*r(q). Let j be ((-21)/(-6) + -2)/((-3)/(-4)). List the prime factors of d(j).
37
Suppose 0 = -2*t + 1 - 17. Let q(c) be the first derivative of c**3/3 + 4*c**2 + 4*c + 5. List the prime factors of q(t).
2
Suppose 16 + 256 = 2*f. Suppose -5 = -2*p - 3*p, 0 = 3*d - 3*p - 9. Suppose d*u - 127 = -r, -4*u + 0*r + f = 4*r. What are the prime factors of u?
31
Let b = -62 + 65. What are the prime factors of b/(-9) - (-16)/12*46?
61
Suppose 3*h = 4*i + 23, 0*h + 7 = -i + h. What are the prime factors of 8/((-40)/(-225)) - (i - -1)?
2, 23
Let j be 1 - -54*(4 - (-15)/(-6)). Let z = 13 + -40. Let u = j + z. What are the prime factors of u?
5, 11
Let o be -3*5/((-60)/(-104)). Let a = 80 - o. What are the prime factors of a?
2, 53
Let a = 2343 + -1216. What are the prime factors of a?
7, 23
Let h = -28 - -31. List the prime factors of 540/42*14/h.
2, 3, 5
Let p = 6 - -8. Let w be (p/(-3))/(4/6). Let u(m) = -m - 1. What are the prime factors of u(w)?
2, 3
Let h(t) = -t**3 - 16*t**2 - 17*t + 4. What are the prime factors of h(-16)?
2, 3, 23
Let b(f) = 4*f + 13. Let l(r) be the second derivative of -11*r**3/6 - 39*r**2/2 + 6*r. Let y(o) = 17*b(o) + 6*l(o). List the prime factors of y(9).
5
Let q = -7760 - -12314. What are the prime factors of q?
2, 3, 11, 23
Suppose -246*n + 226*n + 10300 = 0. What are the prime factors of n?
5, 103
Let h(k) = 9*k**2 + 12*k + 1. What are the prime factors of h(-8)?
13, 37
Suppose 4*t = -4*w + 408, 0*t + 4*t - 4*w = 448. List the prime factors of t.
107
Let x(h) = 8*h + 5. Suppose 0 = 7*k - 77 + 21. List the prime factors of x(k).
3, 23
Suppose 0 = 3*a - n - 3, -2*a + 3*a - 4*n - 12 = 0. Let y = a + 13. List the prime factors of y.
13
Let b(q) = q**2 - 4*q + 1. Let x be b(0). List the prime factors of 1 + (4 - x) - -80.
2, 3, 7
Suppose 2 = 2*w + 4*o, -6 = w - 2*o - 3. Let b = w - -4. Suppose -3*k = k + 4*a - 136, 44 = k + b*a. What are the prime factors of k?
29
Let s = -2502 - -4469. What are the prime factors of s?
7, 281
Let g = 27 + -9. Suppose -g = v + 13. Let n = v - -66. What are the prime factors of n?
5, 7
Suppose -50*n + 4*n = -40480. List the prime factors of n.
2, 5, 11
Let n = -9 + 13. Let r be 6/n*-2 - -7. Suppose -q + 11 + 42 = 2*p, -q - r*p = -61. List the prime factors of q.
3, 5
Suppose -19 = -4*v - 3. What are the prime factors of v?
2
Let o = 109 + -107. List the prime factors of 1/o*-4 + 6.
2
Let l(p) = p**3 + p**2 + 3*p - 2. Let r be l(-2). Let i(s) = s + 17. Let q be i(r). List the prime factors of (-20)/(-50) + 68/q.
2, 7
Suppose 0*j - 114 = 19*j. Suppose 3*r = -2*r - 15. What are the prime factors of ((-8)/r)/((-2)/j)?
2
Let a be 2/(-8) + 63/12. Let j(p) = 2*p**3 - 6*p**2 - 3*p - 7. List the prime factors of j(a).
2, 3, 13
Suppose 5*p = 4*t - 264 + 14459, 0 = -5*p + 3*t + 14200. What are the prime factors of p?
2843
Let b be 9/15 + 732/30. Suppose 3*m - 65 = b. What are the prime factors of m?
2, 3, 5
Suppose 7 = 4*z - 5. What are the prime factors of z - 210/(3 - 8)?
3, 5
Let g(k) = 85*k**2 - k. Suppose -5*i = -14 + 9. List the prime factors of g(i).
2, 3, 7
Let m = 1346 - 823. List the prime factors of m.
523
Suppose 3*r = -3*r - 6. List the prime factors of (15 + r)/(4/10).
5, 7
Let u(f) be the first derivative of f**3/3 - 3*f**2/2 + 14*f + 12. What are the prime factors of u(11)?
2, 3, 17
Let i be ((-54)/(-4))/(3/(-4)). List the prime factors of -2*(-1 + i*2).
2, 37
Let s(o) = o**2 - 3*o - 4. Let b be s(4). Suppose b*a + 16 = -4*a. What are the prime factors of (a/(-3))/(5/60)?
2
Let z(o) = 103*o - 95. What are the prime factors of z(10)?
5, 11, 17
Let n(b) = 4*b**2 + 3*b - 79. What are the prime factors of n(-29)?
2, 3, 13, 41
Suppose -u - 247 = -1813. What are the prime factors of u?
2, 3, 29
Let g(q) = 7*q + 3137. What are the prime factors of g(0)?
3137
Suppose -16*f + 2003 + 2125 = 0. What are the prime factors of f?
2, 3, 43
Suppose 24885 = -7*t + 22*t. What are the prime factors of t?
3, 7, 79
Suppose 2*o = 3*l - 5, -5*l + 4 = 3*o - 17. Suppose -l*q - 2*q = -85. List the prime factors of (q - 10)*4/14.
2
List the prime factors of (-1008)/720 + 26257/5.
2, 3, 5, 7
Suppose -4 = -z + 3*n, -4*z + 1 = -n - 15. What are the prime factors of (z - 0)/(2/2)?
2
Let i(b) = 11*b**2 + 7*b - 31. List the prime factors o